what is -4 - 1e2cc?
-1e2d1
In base 7, what is 5024033 - 4?
5024026
In base 15, what is 2338 + 6?
233e
In base 15, what is 14 + -4736?
-4722
In base 10, what is -2340 + 315?
-2025
In base 10, what is -52214 + -7?
-52221
In base 15, what is 54 + 21?
75
In base 8, what is -523 + 125?
-376
In base 6, what is -1402 + -10111?
-11513
In base 5, what is -4212 - -422?
-3240
In base 2, what is -10001 + -111101100?
-111111101
In base 9, what is 3 - 362326?
-362323
In base 3, what is -10 - 10002010?
-10002020
In base 9, what is 400853 - -5?
400858
In base 9, what is 0 - -21757?
21757
In base 16, what is -1 - -66f89?
66f88
In base 16, what is -9ac + 4?
-9a8
In base 4, what is 200 + -11202?
-11002
In base 9, what is -338 + 125?
-213
In base 12, what is -ba66 - -5?
-ba61
In base 14, what is 4 - -2c275?
2c279
In base 8, what is -14321272 - 4?
-14321276
In base 3, what is -2 + 11202120012?
11202120010
In base 12, what is 3 + -970?
-969
In base 3, what is -1202 + -12212201?
-12221110
In base 11, what is 100 - -168?
268
In base 16, what is -56 + 6a55?
69ff
In base 7, what is -201 + 334?
133
In base 13, what is 15 - 5120?
-5108
In base 15, what is 6b5 + -76?
63e
In base 2, what is -10 + 100011000101011?
100011000101001
In base 3, what is -2 + -200111121201?
-200111121210
In base 8, what is 1146 - -467?
1635
In base 12, what is 18 - 5914?
-58b8
In base 9, what is 41 - 2714?
-2663
In base 11, what is 42554 - 2?
42552
In base 12, what is 1b876 + -3?
1b873
In base 16, what is 6f9fe - 4?
6f9fa
In base 7, what is 44 + 10005?
10052
In base 6, what is -23232 + -123?
-23355
In base 16, what is -83 - -28?
-5b
In base 16, what is -4 - -f89a?
f896
In base 15, what is -1b80d - 2?
-1b810
In base 7, what is 62241 - 0?
62241
In base 8, what is 2117 + 5?
2124
In base 7, what is 16613 + -22?
16561
In base 12, what is 5016 + -5?
5011
In base 4, what is 2102 + 10111313?
10120021
In base 4, what is 33322000113 - -2?
33322000121
In base 6, what is 333 + -100215?
-55442
In base 8, what is -72751 - 44?
-73015
In base 5, what is -1021342 + 3?
-1021334
In base 13, what is 2 - -16152?
16154
In base 8, what is 13 + 3107?
3122
In base 9, what is 4 - 23555?
-23551
In base 15, what is -1a - 335?
-350
In base 7, what is 0 - -240065?
240065
In base 15, what is 5 - 1d158?
-1d153
In base 14, what is -1878a - -3?
-18787
In base 12, what is -5152 - -2?
-5150
In base 3, what is -10 - 11220220?
-11221000
In base 2, what is -101011001000100 - -10?
-101011001000010
In base 5, what is -10 - -10422022?
10422012
In base 5, what is -320 - 2331?
-3201
In base 7, what is 5 - 20422?
-20414
In base 6, what is -102233 + 3?
-102230
In base 2, what is 110 + 10101100001?
10101100111
In base 15, what is 6443 + -5?
643d
In base 14, what is -517 - -d1?
-426
In base 5, what is -1121 - -3013?
1342
In base 15, what is a3 - -945b?
950e
In base 11, what is 1 - -28826?
28827
In base 14, what is -2ca7 - 235?
-30dc
In base 11, what is -8 + 11a02?
119a5
In base 16, what is -5f + -1400?
-145f
In base 14, what is 1277 - c?
1269
In base 16, what is e0 - -45?
125
In base 10, what is -281 + 5235?
4954
In base 7, what is -2 + 3531524?
3531522
In base 6, what is 32140 + 1350?
33530
In base 6, what is -2 - 53523?
-53525
In base 12, what is 162 + 498?
63a
In base 13, what is 0 - -1321?
1321
In base 8, what is 37 - -763?
1022
In base 10, what is -314 + -113?
-427
In base 12, what is -1278 - -3?
-1275
In base 14, what is -180802 + -3?
-180805
In base 15, what is -14c8 - 50?
-1528
In base 11, what is 87212 + 19?
87230
In base 13, what is -35 + 1197?
1162
In base 15, what is -1ae8 + -19?
-1b12
In base 11, what is 612a3 - 4?
6129a
In base 14, what is 100b27 + 3?
100b2a
In base 3, what is 12 - -1012220001001?
1012220001020
In base 10, what is -3187 + -14?
-3201
In base 13, what is -1b115 - 5?
-1b11a
In base 16, what is 3 + 16b29?
16b2c
In base 12, what is 4 + -1828?
-1824
In base 15, what is -8ac0 - 4?
-8ac4
In base 10, what is 55 - 35?
20
In base 15, what is -58 + 1d7?
17e
In base 13, what is -5 - 6b577?
-6b57c
In base 5, what is 113142 + -122?
113020
In base 10, what is 2 - 659?
-657
In base 8, what is -1117 + -43?
-1162
In base 3, what is 10 - 2110022001000?
-2110022000220
In base 15, what is 23 - -56?
79
In base 5, what is 3003 - 1321?
1132
In base 11, what is 4 + -33029?
-33025
In base 7, what is -216 - 2552?
-3101
In base 5, what is 14043 - -2214?
21312
In base 2, what is -1 - -1100110001101010?
1100110001101001
In base 13, what is -6c578 - 1?
-6c579
In base 14, what is -1177 + -1?
-1178
In base 14, what is a3b1 - -c?
a3bd
In base 3, what is 2221022 + 210011?
10201110
In base 13, what is -355b65 + 2?
-355b63
In base 15, what is -253e + 2?
-253c
In base 4, what is -2002 + 223001?
220333
In base 4, what is -23322 + 11?
-23311
In base 8, what is 2107531 + 1?
2107532
In base 10, what is 2 - -2574?
2576
In base 16, what is -f2 + 13e?
4c
In base 5, what is -42031 + -3?
-42034
In base 12, what is 6a07b + -4?
6a077
In base 8, what is 0 - 12261?
-12261
In base 11, what is 11934 - -4?
11938
In base 14, what is -2 - -96c2?
96c0
In base 10, what is -81 + -192?
-273
In base 16, what is f4 + -cdb?
-be7
In base 8, what is 1662 + 114?
1776
In base 7, what is -66061612 - 1?
-66061613
In base 4, what is 1311300 - 2103?
1303131
In base 11, what is 3388 + -126?
3262
In base 4, what is 1021 + 23100?
30121
In base 3, what is -122102100012 - -1?
-122102100011
In base 12, what is -8 + -164213?
-16421b
In base 8, what is 70 - -7057?
7147
In base 4, what is -3232 + 2232?
-1000
In base 3, what is 10 - 220201122?
-220201112
In base 16, what is -21 + d57b?
d55a
In base 2, what is -110010100100 - -1001000?
-110001011100
In base 13, what is -bcb7 - 34?
-c01b
In base 4, what is -10023020 - 13?
-10023033
In base 13, what is 91a - -9b2?
15cc
In base 11, what is 30795 - -3?
30798
In base 4, what is -3001 + -13331002?
-20000003
In base 2, what is 111000111111100110110 - 0?
111000111111100110110
In base 3, what is 210 + -11100100?
-11022120
In base 4, what is -1332 - -321220?
313222
In base 3, what is -20022021110 + 1?
-20022021102
In base 15, what is 8b9 + -a1?
818
In base 5, what is -11 - -41021?
41010
In base 4, what is -20201220101 + -11?
-20201220112
In base 5, what is 344134 + -1?
344133
In base 10, what is 1 - -4676?
4677
In base 16, what is -144 - -16?
-12e
In base 3, what is 12001 - 12121?
-120
In base 12, what is -17048 - -1?
-17047
In base 3, what is -12 - 1201012101?
-1201012120
In base 14, what is 2 + 14aab?
14aad
In base 6, what is -1455 - -34?
-1421
In base 4, what is -10 - 21321322?
-21321332
In base 7, what is 1362 - -1520?
3212
In base 13, what is -4 - -11669?
11665
In base 9, what is 3374 - 171?
3203
In base 10, what is -18515 + -5?
-18520
In base 2, what is -10001110000011 + -100?
-10001110000111
In base 6, what is 2 + 30124151?
30124153
In base 8, what is 11000715 - 4?
11000711
In base 16, what is 3 + -90aa?
-90a7
In base 6, what is -1033 - 1031?
-2104
In base 4, what is 2 - 22333121?
-22333113
In base 8, what is 4600 + 351?
5151
In base 4, what is -2 + 333100?
333032
In base 8, what is 10 - 261323?
-261313
In base 7, what is -56 + -32404?
-32463
In base 2, what is 11111100 + 10011001?
110010101
In base 6, what is -4550432 + -12?
-4550444
In base 8, what is -4 - 5511614?
-5511620
In base 4, what is -20320 - -2033?
-12221
In base 3, what is 11022011101 - 10?
11022011021
In base 4, what is -312233120 + -3?
-312233123
In base 9, what is 14 + 3887?
4012
In base 9, what is -3774 + -1?
-3775
In base 11, what is -65817 + 3?
-65814
In base 15, what is -2 - -11b44?
11b42
In base 10, what is -8 + 21291?
21283
In base 8, what is -50546 + 157?
-50367
In base 16, what is -30c60 + -8?
-30c68
In base 5, what is -11324123 - -2?
-11324121
In base 5, what is -40404 + -13?
-40422
In base 16, what is 18 + ff?
117
In base 10, what is -145 - 724?
-869
In base 5, what is 123303 + -23?
123230
In base 16, what is -1 + -c3bb7?
-c3bb8
In base 8, what is -130034 + -2?
-130036
In base 7, what is -121225 + -50?
-121305
In base 12, what is -4 + a46a?
a466
In base 14, what is -12 + 13bc?
13aa
In base 5, what is -4213 + -341?
-10104
In base 2, what is 11100000100001100110 + 10?
11100000100001101000
In base 9, what is 2 + -112580?
-112577
In base 14, what is 20d - -5c?
26b
In bas